t common divisor of c and 102.
34
Suppose -o + 4*o = 18. Suppose o*y = 24 - 0. Calculate the highest common divisor of 10 and y.
2
Let s(y) = 5*y**2 - y. Let q be s(1). Suppose 48*l - 468 = 35*l. Calculate the greatest common factor of q and l.
4
Let g = 2574 - 2550. Let s be (2 + -2 - -1) + 11. What is the highest common divisor of s and g?
12
Suppose 7*h + 518 = -28. Let m = h + 118. Calculate the greatest common factor of m and 8.
8
Let a(z) = z**3 + 27*z**2 - 149*z + 11. Let s be a(-29). Calculate the greatest common factor of 20 and s.
10
Let a be -4 + (-92)/(-12) + (-2)/3. Suppose -2*k = a*u - 101, 0 = -4*u - 0*u - 4. Calculate the highest common divisor of k and 4.
4
Let o = -544 + 588. What is the greatest common divisor of o and 209?
11
Let s = -528 - -1076. What is the highest common factor of s and 4?
4
Let p(a) = 3*a - 5. Let j be p(3). Let c be 25 + (0 + j/(-10))*5. What is the greatest common factor of c and 92?
23
Suppose 5*l - 3*m = -2*m + 145, -25 = -5*m. What is the highest common divisor of l and 750?
30
Suppose 0 = -2*p - 6, -9 = a - 5*a - 5*p. Suppose -1 - 7 = -2*l. Let d be 2*l/(-8)*-30. What is the highest common factor of a and d?
6
Let g(z) = -2*z**3 - 4*z**2 - 3*z + 1. Suppose 0*y = 4*y + 16. Let q be g(y). Let u = 30 + -23. Calculate the highest common factor of q and u.
7
Suppose 32205 = 65*s - 41505. Calculate the highest common factor of 252 and s.
126
Let j be (144/(-10) + 5)*(3 + -13). Calculate the greatest common factor of 282 and j.
94
Let x be (-2)/3 - ((-33)/9 - 0). Let d be (x + 29 - 1) + 2. What is the highest common divisor of 99 and d?
33
Let m = -254 - -147. Let z = m - -119. What is the highest common divisor of 42 and z?
6
Let h = 311 + -209. Suppose 0 = 3*b - 60 - h. What is the greatest common factor of b and 6?
6
Let f(r) = -3*r**2 + 26*r + 44. Let u be f(10). What is the highest common factor of 28 and u?
4
Let s be -1 + (-238)/((-49)/7). What is the highest common factor of 209 and s?
11
Let p be -2*((-25)/10 + -4). Calculate the highest common factor of p and 325.
13
Let x(o) = -o + 11. Let m be x(-7). Suppose 13 = 10*g - 167. What is the greatest common divisor of g and m?
18
Let m be -4 + 2 + 2 + 1 + 80. Suppose -168 + 43 = -5*t. Let g = t - 16. Calculate the highest common divisor of g and m.
9
Suppose -816 = 15*b - 3*b. Let o = 288 + b. What is the highest common factor of o and 20?
20
Suppose 2*f - 15 = -7. Let k = 25 - f. What is the highest common divisor of k and 14?
7
Suppose 0 = -0*f - 2*f - 6. Let y be (-406)/(-4 - f) - -1. Calculate the greatest common factor of y and 37.
37
Let z(j) = j**2 + 9*j - 17. Let k be z(-15). Let u = k + -48. Calculate the greatest common factor of 5 and u.
5
Let l be (5887/(-28))/((-2)/8). What is the greatest common divisor of l and 58?
29
Let b(m) = -3*m - 4 + 17*m + 4*m + 29. Let y be b(5). What is the greatest common factor of y and 23?
23
Let n = 29 + -91. Let f = 77 + n. What is the greatest common factor of 15 and f?
15
Let y(a) = 414*a**2 - 39*a + 38. Let j be y(1). Calculate the highest common factor of j and 59.
59
Let f = 3122 - 1252. Calculate the highest common factor of f and 220.
110
Suppose 5*z - 16*l + 15*l = 141, 3*z - 4*l - 88 = 0. Calculate the greatest common factor of 4 and z.
4
Let w be (-1)/(1/(-19))*1. Let o(u) = 12*u**3 - u**2 + u + 1. Let y be o(2). What is the greatest common factor of y and w?
19
Let h = -639 + 679. What is the greatest common factor of 2360 and h?
40
Let y(c) = -7*c + 68. Let p be y(8). What is the highest common divisor of p and 1632?
12
Suppose s - 107 - 17 = 0. Calculate the greatest common divisor of s and 93.
31
Let f(w) = -w**3 + 7*w**2 + w + 4. Let h be f(7). Let k(q) = 11*q**2 + 3*q + 3. Let m be k(-1). Calculate the greatest common factor of m and h.
11
Let u be 2/((-6)/29)*-18. Let g be u/4 - 4/(-8). Suppose 5*c = -2*m + 4 + g, -c + 16 = 2*m. Calculate the greatest common divisor of c and 8.
8
Suppose 0 = -14*v + 450 - 72. Calculate the highest common divisor of 81 and v.
27
Suppose 0 = 2*h - 5*t - 80, 3*h - 8*h = t - 200. What is the highest common factor of h and 112?
8
Let k(f) = 11*f - 15. Let q(c) = -10*c + 14. Let i(z) = -4*k(z) - 5*q(z). Let l be i(-15). Let g = 148 + l. What is the greatest common divisor of 72 and g?
24
Let w(c) = 5*c**2 + 82*c + 39. Let j be w(-16). Calculate the highest common divisor of j and 14.
7
Let c = -97 + 136. Suppose 34*y - c*y = -25. Calculate the greatest common factor of 55 and y.
5
Let k = -30 - -43. Suppose u - v - k = 148, 3*u - 503 = -2*v. What is the highest common divisor of u and 66?
33
Let n(g) = 6*g + 74. Let k be n(-10). Let a be (2/(-2) + 0)*k*-1. What is the greatest common divisor of 70 and a?
14
Suppose 0 = m - 2*g - 106, 3*m + g - 211 - 93 = 0. What is the greatest common factor of m and 6?
6
Let a = -89 - 21. Let g = -73 - a. Let i be g - 4/(16/(-4)). What is the highest common divisor of i and 95?
19
Suppose -16 = -4*z + d, -5*z + 59 = 5*d + 14. What is the greatest common divisor of z and 1?
1
Let r be (-260)/(-8) - (-6)/4. Let w be (-2*102/24)/(2/(-4)). Calculate the highest common factor of w and r.
17
Let a be (-65655)/15*(-4)/(-6). Let w be (-30)/70 + a/(-14). Calculate the greatest common factor of w and 26.
26
Suppose 2*r + 24 = 2*d, d + 4*r = -0*d + 7. Let m = 27 - d. Calculate the greatest common factor of m and 2.
2
Let a(j) = -34*j + 1. Let h be a(-1). Let p be (3234/h)/((-3)/10). Let k = -204 - p. What is the greatest common divisor of 26 and k?
26
Suppose 2*b - 1 = -t - 7, 3 = -4*t - b. Suppose 25*k - 21*k - 60 = t. Calculate the highest common divisor of k and 6.
3
Let j(l) be the first derivative of 7*l**2 - 60*l - 11. Let p be j(6). Calculate the highest common divisor of 6 and p.
6
Suppose 38*w = 10*w + 364. What is the greatest common factor of w and 91?
13
Let t = 1331 - 1160. What is the greatest common factor of t and 63?
9
Suppose i - 4*i = -36. Suppose 0 = -d - 5*w + 34, -13*w + 12*w = 4*d - 98. Calculate the greatest common divisor of d and i.
12
Let s = -25 + 25. Suppose 3*d - 7*d + 48 = s. Let b be 60/(d/(-9) + 2). What is the highest common divisor of b and 18?
18
Suppose 2*g = -4*h + 2, 3*g - 18 - 1 = 2*h. Let k be (-526)/(-4) + -4*h/16. What is the greatest common divisor of k and 33?
33
Let a be 6 - -2*(-2)/4. Let t = 19 - -5. Let d = t + -23. Calculate the highest common factor of a and d.
1
Let n(x) = 3*x**2 + 1. Let z be n(-1). Suppose 0 = -3*m + 2*g + 240, -327 = -z*m - 0*g + 5*g. Let o = 38 + -12. What is the highest common factor of m and o?
26
Suppose -2*a - s + 13 = -a, 4*s - 30 = -2*a. Suppose 3*y = 297 - 66. Calculate the greatest common factor of y and a.
11
Let n = -24 - -44. Suppose 3*r + 6 = 0, -2*r + 639 = 4*w - 157. What is the greatest common divisor of w and n?
20
Let o be 2/(-6)*(-9 - -6). Let z be 1/(o/15 - 0). Let b = z + -11. What is the highest common factor of 32 and b?
4
Suppose -125 = -5*n - s + 117, -3*n + 140 = -2*s. Let v = 66 + -42. Calculate the greatest common factor of n and v.
24
Let s(c) = -10*c + 28. Let w be s(-14). Suppose 3*a = -3*a + w. Suppose -m + 35 = -2*l, -5*m + 6*m - a = -5*l. What is the highest common factor of m and 11?
11
Let s(j) = 2*j**3 - 10*j**2 - 14*j + 12. Let n be s(6). Suppose -6*t - 13 + 31 = n. What is the highest common divisor of t and 27?
3
Let p = 404 + -274. Suppose -c - 48 + 3 = 0. Let z = c - -71. What is the greatest common divisor of z and p?
26
Suppose -5 + 1 = -2*t. Suppose -5*o = t*n - 542, 5*n - n - 220 = -2*o. What is the highest common factor of 36 and o?
36
Let o be ((0 + 24)/6)/(1/7). Let c(y) = y**2 - 5*y - 14. Let q be c(7). Suppose 0*v - 3*v + 126 = q. What is the greatest common divisor of o and v?
14
Let x(y) = -y**2 + 9*y - 1. Let a be x(6). Let t = 36 - a. What is the highest common factor of t and 171?
19
Suppose 5 = -u - 4. Let r = u - -29. Let t = 28 - 26. What is the highest common factor of r and t?
2
Suppose 2*q = q + y - 1, -y = 4. Let m(f) = -f**3 - 3*f**2 + f - 11. Let t be m(q). Calculate the highest common divisor of t and 2.
2
Let u = 10 - -5. Suppose -4*m = -m + 3*b + 9, 0 = -4*b - 20. Let n be ((-21)/(-14))/(m/180). Calculate the greatest common factor of n and u.
15
Suppose -69 + 66 = -v. Let k(a) = -a + 3*a**2 